 digit of 18329796?
2
What is the ten millions digit of 11777883?
1
What is the tens digit of 721711?
1
What is the hundreds digit of 127715?
7
What is the ten thousands digit of 9842685?
4
What is the thousands digit of 624964?
4
What is the units digit of 38452330?
0
What is the tens digit of 125861?
6
What is the thousands digit of 1504355?
4
What is the tens digit of 450460?
6
What is the hundreds digit of 282472?
4
What is the ten thousands digit of 325136?
2
What is the millions digit of 1245406?
1
What is the hundred thousands digit of 170208?
1
What is the tens digit of 695032?
3
What is the hundreds digit of 291445?
4
What is the units digit of 132692?
2
What is the ten thousands digit of 270516?
7
What is the hundred thousands digit of 7922765?
9
What is the tens digit of 868912?
1
What is the hundred thousands digit of 1088056?
0
What is the thousands digit of 1127652?
7
What is the millions digit of 1923003?
1
What is the units digit of 8215340?
0
What is the thousands digit of 309671?
9
What is the thousands digit of 3068040?
8
What is the ten thousands digit of 1622756?
2
What is the hundreds digit of 10298306?
3
What is the ten thousands digit of 398414?
9
What is the ten thousands digit of 11076603?
7
What is the units digit of 605240?
0
What is the units digit of 110071?
1
What is the units digit of 9232053?
3
What is the thousands digit of 24887699?
7
What is the hundreds digit of 3139516?
5
What is the tens digit of 256620?
2
What is the tens digit of 2609725?
2
What is the units digit of 81750?
0
What is the hundreds digit of 12001172?
1
What is the tens digit of 63504?
0
What is the units digit of 386591?
1
What is the units digit of 173508?
8
What is the hundred thousands digit of 1054587?
0
What is the tens digit of 25485705?
0
What is the thousands digit of 787434?
7
What is the ten thousands digit of 92201?
9
What is the hundreds digit of 9052346?
3
What is the units digit of 135475?
5
What is the ten thousands digit of 2082681?
8
What is the millions digit of 22997362?
2
What is the hundreds digit of 406329?
3
What is the tens digit of 1404269?
6
What is the units digit of 5223243?
3
What is the hundreds digit of 867469?
4
What is the tens digit of 1268336?
3
What is the hundred thousands digit of 259985?
2
What is the thousands digit of 1709326?
9
What is the tens digit of 189185?
8
What is the hundred thousands digit of 2683093?
6
What is the millions digit of 2771679?
2
What is the millions digit of 1214738?
1
What is the tens digit of 1067836?
3
What is the tens digit of 620104?
0
What is the millions digit of 1313993?
1
What is the ten millions digit of 13086292?
1
What is the hundreds digit of 13898?
8
What is the tens digit of 1395316?
1
What is the tens digit of 483944?
4
What is the thousands digit of 3485758?
5
What is the hundred thousands digit of 866738?
8
What is the thousands digit of 8279970?
9
What is the tens digit of 1464838?
3
What is the units digit of 889954?
4
What is the hundred thousands digit of 403008?
4
What is the ten thousands digit of 5167542?
6
What is the thousands digit of 122975?
2
What is the hundred thousands digit of 884678?
8
What is the units digit of 14943479?
9
What is the hundreds digit of 514009?
0
What is the tens digit of 1481416?
1
What is the tens digit of 3850248?
4
What is the thousands digit of 11766610?
6
What is the millions digit of 1740740?
1
What is the tens digit of 414734?
3
What is the thousands digit of 23936005?
6
What is the ten thousands digit of 123428?
2
What is the hundred thousands digit of 153115?
1
What is the units digit of 246682?
2
What is the thousands digit of 24624085?
4
What is the hundreds digit of 270774?
7
What is the tens digit of 5817153?
5
What is the ten thousands digit of 151450?
5
What is the hundred thousands digit of 327637?
3
What is the hundreds digit of 4724857?
8
What is the hundreds digit of 4204911?
9
What is the units digit of 3992236?
6
What is the hundreds digit of 1196111?
1
What is the hundreds digit of 379084?
0
What is the units digit of 8460756?
6
What is the hundred thousands digit of 431965?
4
What is the units digit of 1370406?
6
What is the tens digit of 373390?
9
What is the units digit of 2031861?
1
What is the tens digit of 429258?
5
What is the thousands digit of 216495?
6
What is the tens digit of 1895491?
9
What is the ten thousands digit of 3819730?
1
What is the units digit of 224915?
5
What is the ten thousands digit of 21669?
2
What is the hundreds digit of 5302544?
5
What is the units digit of 22655033?
3
What is the tens digit of 350948?
4
What is the units digit of 157157?
7
What is the thousands digit of 78393?
8
What is the millions digit of 3213175?
3
What is the units digit of 3092670?
0
What is the thousands digit of 9224999?
4
What is the units digit of 8395712?
2
What is the thousands digit of 284213?
4
What is the hundreds digit of 32510739?
7
What is the units digit of 80749?
9
What is the hundreds digit of 237086?
0
What is the ten thousands digit of 283925?
8
What is the units digit of 1150922?
2
What is the ten thousands digit of 3901780?
0
What is the tens digit of 8776352?
5
What is the tens digit of 473934?
3
What is the tens digit of 56099?
9
What is the millions digit of 2415322?
2
What is the tens digit of 8191543?
4
What is the hundreds digit of 265017?
0
What is the tens digit of 16227467?
6
What is the millions digit of 8471271?
8
What is the hundreds digit of 289944?
9
What is the tens digit of 1057585?
8
What is the hundred thousands digit of 11952141?
9
What is the hundred thousands digit of 199625?
1
What is the ten thousands digit of 1424089?
2
What is the ten thousands digit of 2977122?
7
What is the units digit of 3105479?
9
What is the tens digit of 964623?
2
What is the hundred thousands digit of 5292442?
2
What is the tens digit of 1021023?
2
What is the thousands digit of 211070?
1
What is the hundred thousands digit of 560242?
5
What is the ten thousands digit of 5108027?
0
What is the tens digit of 38086215?
1
What is the tens digit of 3227858?
5
What is the thousands digit of 1903930?
3
What is the millions digit of 28071173?
8
What is the ten thousands digit of 673617?
7
What is the hundreds digit of 2839901?
9
What is the units digit of 70094?
4
What is the ten thousands digit of 689323?
8
What is the hundred thousands digit of 155645?
1
What is the millions digit of 4542438?
4
What is the hundred thousands digit of 706070?
7
What is the tens digit of 594677?
7
What is the tens digit of 631487?
8
What is the ten thousands digit of 104701?
0
What is the units digit of 697084?
4
What is the units digit of 15823011?
1
What is the hundreds digit of 24978?
9
What is the hundreds digit of 6507880?
8
What is the thousands digit of 326270?
6
What is the ten millions digit of 27337246?
2
What is the tens digit of 1134850?
5
What is the tens digit of 3579769?
6
What is the millions digit of 6375888?
6
What is the ten thousands digit of 95889?
9
What is the millions digit of 8942562?
8
What is the units digit of 8793010?
0
What is the units digit of 6806216?
6
What is the hundreds digit of 631581?
5
What is the thousands digit of 1222293?
2
What is the thousands digit of 161274?
1
What is the units digit of 355593?
3
What is the ten thousands digit of 614487?
1
What is the units digit of 132008?
8
What is the thousands digit of 7687115?
7
What is the hundreds digit of 350327?
3
What is the hundreds digit of 120136?
1
What is the ten thousands digit of 3176856?
7
What is the ten thousands digit of 3686747?
8
What is the ten thousands digit of 1786125?
8
What is the ten thousands digit of 5176062?
7
What is the hundred thousands digit of 780452?
7
What is the hundreds digit of 15724676?
6
What is the ten thousands digit of 780667?
8
What is the thousands digit of 1812502?
2
What is the ten thousands digit of 518445?
1
What is the units digit of 885830?
0
What is the units digit of 78572?
2
What is the hundred thousands digit of 1364213?
3
What is the hundreds digit of 5891796?
7
What is the units digit of 61731?
1
What is the hundreds digit of 1626760?
7
What is the ten thousands digit of 8756478?
5
What is the ten thousands digit of 2171789?
7
What is the thousands digit o